{"id":44,"date":"2013-07-02T16:13:50","date_gmt":"2013-07-02T23:13:50","guid":{"rendered":"http:\/\/www.casalcatalalosangeles.org\/?page_id=44"},"modified":"2017-11-24T06:53:35","modified_gmt":"2017-11-24T14:53:35","slug":"qui-som-2","status":"publish","type":"page","link":"https:\/\/misideas.net\/?page_id=44","title":{"rendered":"QUI SOM?"},"content":{"rendered":"<p>&nbsp;<\/p>\n<p>Benvolguts,<\/p>\n<div id=\"sidebarContainer\">\n<p>El Casal dels Catalans de Calif\u00f2rnia \u00e9s una associaci\u00f3 social i cultural sense \u00e0nim de lucre. El seu objectiu principal \u00e9s ser el punt de contacte per a tots aquells catalans i simpatitzants que viuen al sud de Calif\u00f2rnia, en una \u00e0mplia zona centrada al voltant de Los Angeles. El Casal tamb\u00e9 t\u00e9 com a objectiu promocionar i divulgar la llengua i cultura catalanes.<\/p>\n<p>El Casal va ser fundat al 1983 i \u00e9s l\u2019associaci\u00f3 m\u00e9s antiga d\u2019aquest tipus a l\u2019oest dels Estats Units. El Casal no t\u00e9 seu pr\u00f2pia, per\u00f2 ens reunim peri\u00f2dicament a l\u2019hist\u00f2ric Rancho Dom\u00ednguez (18127 Alameda, Rancho Dom\u00ednguez, Ca. 90220) per celebrar-hi\u00a0l\u2019Aplec de Primavera, l\u2019Aplec de Tardor i la Festa de Nadal. El Consell del Casal es reuneix cada segon diumenge de mes, per\u00f2 tothom \u00e9s benvingut a assistir-hi! En els aplecs ballem sardanes, fem jocs per la mainada, degustem paella cuinada in-situ i fem demostracions de cuina catalana.<\/p>\n<p>Els nostres membres reben una revista biling\u00fce, el Butllet\u00ed, publicat dues vegades a l\u2019any, i compta amb not\u00edcies de les nostres activitats i altres articles d\u2019inter\u00e8s per a la comunitat catalana. Tamb\u00e9 oferim classes de catal\u00e0 a Los Angeles i Orange County, i amb la supervisi\u00f3 dels pares, els nens del Cau es reuneixen peri\u00f2dicament per fer classes, tallers de diferents tipus i sortides. Tamb\u00e9 patrocinem, de tant en tant, recitals de m\u00fasica, confer\u00e8ncies i exposicions a diferents indrets.<\/p>\n<p>Fem tot aix\u00f2 gr\u00e0cies a l\u2019esfor\u00e7, la devoci\u00f3, la voluntarietat i la generositat dels membres del Casal. Sumeu-vos-hi!<\/p>\n<p>El nostre email \u00e9s info@casalcatalalosangeles.org<\/p>\n<\/div>\n","protected":false},"excerpt":{"rendered":"<p>&nbsp; Benvolguts, El Casal dels Catalans de Calif\u00f2rnia \u00e9s una associaci\u00f3 social i cultural sense \u00e0nim de lucre. El seu objectiu principal \u00e9s ser el punt de contacte per a tots aquells catalans i simpatitzants que viuen al sud de &hellip; <a href=\"https:\/\/misideas.net\/?page_id=44\">Continue reading <span class=\"meta-nav\">&rarr;<\/span><\/a><\/p>\n","protected":false},"author":1,"featured_media":0,"parent":0,"menu_order":1,"comment_status":"closed","ping_status":"closed","template":"","meta":{"footnotes":""},"class_list":["post-44","page","type-page","status-publish","hentry"],"_links":{"self":[{"href":"https:\/\/misideas.net\/index.php?rest_route=\/wp\/v2\/pages\/44","targetHints":{"allow":["GET"]}}],"collection":[{"href":"https:\/\/misideas.net\/index.php?rest_route=\/wp\/v2\/pages"}],"about":[{"href":"https:\/\/misideas.net\/index.php?rest_route=\/wp\/v2\/types\/page"}],"author":[{"embeddable":true,"href":"https:\/\/misideas.net\/index.php?rest_route=\/wp\/v2\/users\/1"}],"replies":[{"embeddable":true,"href":"https:\/\/misideas.net\/index.php?rest_route=%2Fwp%2Fv2%2Fcomments&post=44"}],"version-history":[{"count":7,"href":"https:\/\/misideas.net\/index.php?rest_route=\/wp\/v2\/pages\/44\/revisions"}],"predecessor-version":[{"id":1021,"href":"https:\/\/misideas.net\/index.php?rest_route=\/wp\/v2\/pages\/44\/revisions\/1021"}],"wp:attachment":[{"href":"https:\/\/misideas.net\/index.php?rest_route=%2Fwp%2Fv2%2Fmedia&parent=44"}],"curies":[{"name":"wp","href":"https:\/\/api.w.org\/{rel}","templated":true}]}}

<p>&nbsp;</p>
<p>Benvolguts,</p>
<div id="sidebarContainer">
<p>El Casal dels Catalans de Califòrnia és una associació social i cultural sense ànim de lucre. El seu objectiu principal és ser el punt de contacte per a tots aquells catalans i simpatitzants que viuen al sud de Califòrnia, en una àmplia zona centrada al voltant de Los Angeles. El Casal també té com a objectiu promocionar i divulgar la llengua i cultura catalanes.</p>
<p>El Casal va ser fundat al 1983 i és l’associació més antiga d’aquest tipus a l’oest dels Estats Units. El Casal no té seu pròpia, però ens reunim periòdicament a l’històric Rancho Domínguez (18127 Alameda, Rancho Domínguez, Ca. 90220) per celebrar-hi l’Aplec de Primavera, l’Aplec de Tardor i la Festa de Nadal. El Consell del Casal es reuneix cada segon diumenge de mes, però tothom és benvingut a assistir-hi! En els aplecs ballem sardanes, fem jocs per la mainada, degustem paella cuinada in-situ i fem demostracions de cuina catalana.</p>
<p>Els nostres membres reben una revista bilingüe, el Butlletí, publicat dues vegades a l’any, i compta amb notícies de les nostres activitats i altres articles d’interès per a la comunitat catalana. També oferim classes de català a Los Angeles i Orange County, i amb la supervisió dels pares, els nens del Cau es reuneixen periòdicament per fer classes, tallers de diferents tipus i sortides. També patrocinem, de tant en tant, recitals de música, conferències i exposicions a diferents indrets.</p>
<p>Fem tot això gràcies a l’esforç, la devoció, la voluntarietat i la generositat dels membres del Casal. Sumeu-vos-hi!</p>
<p>El nostre email és info@casalcatalalosangeles.org</p>
</div>

<p>&nbsp; Benvolguts, El Casal dels Catalans de Califòrnia és una associació social i cultural sense ànim de lucre. El seu objectiu principal és ser el punt de contacte per a tots aquells catalans i simpatitzants que viuen al sud de &hellip; <a href="https://misideas.net/?page_id=44">Continue reading <span class="meta-nav">&rarr;</span></a></p>
