{"id":249,"date":"2013-07-23T16:40:25","date_gmt":"2013-07-23T23:40:25","guid":{"rendered":"http:\/\/www.casalcatalalosangeles.org\/?page_id=249"},"modified":"2017-11-24T06:55:31","modified_gmt":"2017-11-24T14:55:31","slug":"historia-del-casal","status":"publish","type":"page","link":"https:\/\/misideas.net\/?page_id=249","title":{"rendered":"HIST\u00d2RIA DEL CASAL"},"content":{"rendered":"<p>&nbsp;<\/p>\n<p><strong>Els inicis del casal dels Catalans de Calif\u00f2rnia per Josep G. Llaurad\u00f3.<\/strong><\/p>\n<p>De la cr\u00f2nica d\u2019en Joan M. Corominas sobre l\u2019Aplec de Tardor 1982, diumenge 14 de mar\u00e7, al Rancho Dom\u00ednguez es despr\u00e8n que hi havia hagut aplecs previs, i en uns fulls escrits a m\u00e0quina s&#8217;hi menciona \u201cuna invitaci\u00f3 a tots els membres&#8230;en el mateix lloc de les altres vegades\u201d.<br \/>\nEs va celebrar una missa al migdia en mem\u00f2ria de la Paulina Balagu\u00e9, esposa de Frank Balagu\u00e9, que despr\u00e9s va tornar a les terres de l\u2019Alt Empord\u00e0. Es va cantar el Virolai. La Maria Dolors Mart\u00ed i la Rosaura de Montagut Ulvestad van atendre als assistents.<br \/>\nSembla clar, doncs, que per aquelles dates ja hi havia un Casal Catal\u00e0, si b\u00e9 no formalitzat.<br \/>\nEn un article en el diari \u201cLa Opini\u00f3n de los Angeles\u201d del 27 de maig 1983 s\u2019esmenta que el 26 de febrer tingu\u00e9 lloc a la Parr\u00f2quia de Santa Teresita de Los Angeles una reuni\u00f3 amb el resultat que fou nomenat un Consell Directiu inter\u00ed del Casal dels Catalans de Calif\u00f2rnia sota la presid\u00e8ncia del Pare Ramon Mart\u00ed. Altres directius eren en Quim (o Kim) Morera com a Vicepresident, la Rosaura Ulvestad com a secret\u00e0ria i l\u2019Eduard Bacard\u00ed com a Vicesecretari.<br \/>\nL\u2019article a La Opini\u00f3n \u00e9s important perqu\u00e8 sembla la primera vegada que el Casal dels Catalans de Calif\u00f2rnia va ser mencionat p\u00fablicament. Suposo que l\u2019article, no signat al diari, va ser escrit per la Josefina Vidal, periodista amb dedicaci\u00f3 a \u201cla cosa catalana\u201d. Aquest article tamb\u00e9 menciona el paper que van tenir els catalans en la Hist\u00f2ria de Calif\u00f2rnia, i parla de Gaspar de Portol\u00e0, nascut a Balaguer, colonitzador i primer governador de Calif\u00f2rnia; Antoni Jorba, ori\u00fcnd de Sant Sadurn\u00ed d\u2019Anoia, qui don\u00e0 nom a Jorba Linda, on ara hi ha el Memorial del President Nixon; Josep Alemany, natural de Vic, el primer arquebisbe de tota Calif\u00f2rnia.<br \/>\nMentre es feien els tr\u00e0mits pel reconeixement jur\u00eddic del casal, es va designar la seu a 2645 Zonal Avenue, Los Angeles CA 90033, l\u2019adre\u00e7a de la Parr\u00f2quia de Santa Teresita.<br \/>\nCap el maig del 1983 es va publicar el Butllet\u00ed informatiu No. 1 del Casal dels Catalans de Calif\u00f2rnia que hist\u00f2ricament \u00e9s important, no nom\u00e9s per ser el primer n\u00famero, sin\u00f3 tamb\u00e9 perqu\u00e8 recull dos aspectes molt significatius:<br \/>\na) La not\u00edcia amb foto de la visita del Vicepresident inter\u00ed Quim Morera, acompanyat de la seva mare Maria Montserrat Mir de Morera, el Conseller Adjunt a la Presid\u00e8ncia de la Generalitat de Catalunya, Miquel Coll i Alentorn, fent l\u2019entrega de la Carta i el Quadern del Casal i demanant-li l\u2019apadrinament i el reconeixement de la instituci\u00f3 per part del govern catal\u00e0.<br \/>\nb) L\u2019acta de l\u2019Assemblea General que tingu\u00e9 lloc l\u20191 de maig del 1983 al menjador del Seminari dels Pares Claretians al Rancho Dom\u00ednguez, per la qual es fundava el Casal dels Catalans de Calif\u00f2rnia. Cal destacar que l\u2019ordre dels Claretians porta el nom d\u2019un arquebisbe i sant catal\u00e0. Van assistir-hi 40 persones i es van votar els estatuts del Casal i nomenar els membres del Consell. Els dos articles m\u00e9s debatuts van ser els que es referien als idiomes oficials del Casal i a les banderes desplegades a les activitats socials. Parlem de m\u00e9s de 20 anys enrere quan encara hi havia membres que havent lluitat durant la Guerra Civil d\u2019Espanya en al b\u00e0ndol republic\u00e0, encara sentien una certa desconfian\u00e7a en el nou sistema de govern democr\u00e0tic a Espanya. A l\u2019acabament de la reuni\u00f3, el President va demanar un vot de confian\u00e7a vers el Consell Directiu inter\u00ed fins a la seg\u00fcent Assemblea General on es celebrarien eleccions al Consell, el setembre de 1983.<br \/>\nEl 4 de desembre del 1983 al sal\u00f3 parroquial de Santa Teresita a Alhambra es va celebrar la Festa de Nadal, on la Maria Dolors Mart\u00ed es disting\u00ed un altre cop en les preparacions i presentacions de tots els aspectes, tant gastron\u00f2mics com ornamentals, de la celebraci\u00f3. El Pare Joan Corominas recit\u00e0 emotivament un poema de Maragall. Ni cal dir que el Pare Noel aparegu\u00e9 repartint obsequis a grans i petits. Va ser una digna primera celebraci\u00f3 nadalenca del formalitzat Casal dels Catalans de Calif\u00f2rnia.<\/p>\n<p>&nbsp;<\/p>\n","protected":false},"excerpt":{"rendered":"<p>&nbsp; Els inicis del casal dels Catalans de Calif\u00f2rnia per Josep G. Llaurad\u00f3. De la cr\u00f2nica d\u2019en Joan M. Corominas sobre l\u2019Aplec de Tardor 1982, diumenge 14 de mar\u00e7, al Rancho Dom\u00ednguez es despr\u00e8n que hi havia hagut aplecs previs, &hellip; <a href=\"https:\/\/misideas.net\/?page_id=249\">Continue reading <span class=\"meta-nav\">&rarr;<\/span><\/a><\/p>\n","protected":false},"author":3,"featured_media":0,"parent":44,"menu_order":0,"comment_status":"closed","ping_status":"closed","template":"","meta":{"footnotes":""},"class_list":["post-249","page","type-page","status-publish","hentry"],"_links":{"self":[{"href":"https:\/\/misideas.net\/index.php?rest_route=\/wp\/v2\/pages\/249","targetHints":{"allow":["GET"]}}],"collection":[{"href":"https:\/\/misideas.net\/index.php?rest_route=\/wp\/v2\/pages"}],"about":[{"href":"https:\/\/misideas.net\/index.php?rest_route=\/wp\/v2\/types\/page"}],"author":[{"embeddable":true,"href":"https:\/\/misideas.net\/index.php?rest_route=\/wp\/v2\/users\/3"}],"replies":[{"embeddable":true,"href":"https:\/\/misideas.net\/index.php?rest_route=%2Fwp%2Fv2%2Fcomments&post=249"}],"version-history":[{"count":6,"href":"https:\/\/misideas.net\/index.php?rest_route=\/wp\/v2\/pages\/249\/revisions"}],"predecessor-version":[{"id":1023,"href":"https:\/\/misideas.net\/index.php?rest_route=\/wp\/v2\/pages\/249\/revisions\/1023"}],"up":[{"embeddable":true,"href":"https:\/\/misideas.net\/index.php?rest_route=\/wp\/v2\/pages\/44"}],"wp:attachment":[{"href":"https:\/\/misideas.net\/index.php?rest_route=%2Fwp%2Fv2%2Fmedia&parent=249"}],"curies":[{"name":"wp","href":"https:\/\/api.w.org\/{rel}","templated":true}]}}

HISTÒRIA DEL CASAL

<p>&nbsp;</p>
<p><strong>Els inicis del casal dels Catalans de Califòrnia per Josep G. Llauradó.</strong></p>
<p>De la crònica d’en Joan M. Corominas sobre l’Aplec de Tardor 1982, diumenge 14 de març, al Rancho Domínguez es desprèn que hi havia hagut aplecs previs, i en uns fulls escrits a màquina s&#8217;hi menciona “una invitació a tots els membres&#8230;en el mateix lloc de les altres vegades”.<br />
Es va celebrar una missa al migdia en memòria de la Paulina Balagué, esposa de Frank Balagué, que després va tornar a les terres de l’Alt Empordà. Es va cantar el Virolai. La Maria Dolors Martí i la Rosaura de Montagut Ulvestad van atendre als assistents.<br />
Sembla clar, doncs, que per aquelles dates ja hi havia un Casal Català, si bé no formalitzat.<br />
En un article en el diari “La Opinión de los Angeles” del 27 de maig 1983 s’esmenta que el 26 de febrer tingué lloc a la Parròquia de Santa Teresita de Los Angeles una reunió amb el resultat que fou nomenat un Consell Directiu interí del Casal dels Catalans de Califòrnia sota la presidència del Pare Ramon Martí. Altres directius eren en Quim (o Kim) Morera com a Vicepresident, la Rosaura Ulvestad com a secretària i l’Eduard Bacardí com a Vicesecretari.<br />
L’article a La Opinión és important perquè sembla la primera vegada que el Casal dels Catalans de Califòrnia va ser mencionat públicament. Suposo que l’article, no signat al diari, va ser escrit per la Josefina Vidal, periodista amb dedicació a “la cosa catalana”. Aquest article també menciona el paper que van tenir els catalans en la Història de Califòrnia, i parla de Gaspar de Portolà, nascut a Balaguer, colonitzador i primer governador de Califòrnia; Antoni Jorba, oriünd de Sant Sadurní d’Anoia, qui donà nom a Jorba Linda, on ara hi ha el Memorial del President Nixon; Josep Alemany, natural de Vic, el primer arquebisbe de tota Califòrnia.<br />
Mentre es feien els tràmits pel reconeixement jurídic del casal, es va designar la seu a 2645 Zonal Avenue, Los Angeles CA 90033, l’adreça de la Parròquia de Santa Teresita.<br />
Cap el maig del 1983 es va publicar el Butlletí informatiu No. 1 del Casal dels Catalans de Califòrnia que històricament és important, no només per ser el primer número, sinó també perquè recull dos aspectes molt significatius:<br />
a) La notícia amb foto de la visita del Vicepresident interí Quim Morera, acompanyat de la seva mare Maria Montserrat Mir de Morera, el Conseller Adjunt a la Presidència de la Generalitat de Catalunya, Miquel Coll i Alentorn, fent l’entrega de la Carta i el Quadern del Casal i demanant-li l’apadrinament i el reconeixement de la institució per part del govern català.<br />
b) L’acta de l’Assemblea General que tingué lloc l’1 de maig del 1983 al menjador del Seminari dels Pares Claretians al Rancho Domínguez, per la qual es fundava el Casal dels Catalans de Califòrnia. Cal destacar que l’ordre dels Claretians porta el nom d’un arquebisbe i sant català. Van assistir-hi 40 persones i es van votar els estatuts del Casal i nomenar els membres del Consell. Els dos articles més debatuts van ser els que es referien als idiomes oficials del Casal i a les banderes desplegades a les activitats socials. Parlem de més de 20 anys enrere quan encara hi havia membres que havent lluitat durant la Guerra Civil d’Espanya en al bàndol republicà, encara sentien una certa desconfiança en el nou sistema de govern democràtic a Espanya. A l’acabament de la reunió, el President va demanar un vot de confiança vers el Consell Directiu interí fins a la següent Assemblea General on es celebrarien eleccions al Consell, el setembre de 1983.<br />
El 4 de desembre del 1983 al saló parroquial de Santa Teresita a Alhambra es va celebrar la Festa de Nadal, on la Maria Dolors Martí es distingí un altre cop en les preparacions i presentacions de tots els aspectes, tant gastronòmics com ornamentals, de la celebració. El Pare Joan Corominas recità emotivament un poema de Maragall. Ni cal dir que el Pare Noel aparegué repartint obsequis a grans i petits. Va ser una digna primera celebració nadalenca del formalitzat Casal dels Catalans de Califòrnia.</p>
<p>&nbsp;</p>

<p>&nbsp; Els inicis del casal dels Catalans de Califòrnia per Josep G. Llauradó. De la crònica d’en Joan M. Corominas sobre l’Aplec de Tardor 1982, diumenge 14 de març, al Rancho Domínguez es desprèn que hi havia hagut aplecs previs, &hellip; <a href="https://misideas.net/?page_id=249">Continue reading <span class="meta-nav">&rarr;</span></a></p>
